Last updated on 2022-05-16 06:52:23 CEST.
Flavor | Version | Tinstall | Tcheck | Ttotal | Status | Flags |
---|---|---|---|---|---|---|
r-devel-linux-x86_64-debian-clang | 0.1.3 | 4.87 | 65.90 | 70.77 | NOTE | |
r-devel-linux-x86_64-debian-gcc | 0.1.3 | 3.80 | 49.18 | 52.98 | NOTE | |
r-devel-linux-x86_64-fedora-clang | 0.1.3 | 84.61 | NOTE | |||
r-devel-linux-x86_64-fedora-gcc | 0.1.3 | 85.02 | NOTE | |||
r-devel-windows-x86_64 | 0.1.3 | 17.00 | 85.00 | 102.00 | OK | |
r-patched-linux-x86_64 | 0.1.3 | 8.65 | 62.78 | 71.43 | NOTE | |
r-release-linux-x86_64 | 0.1.3 | 4.70 | 62.61 | 67.31 | NOTE | |
r-release-macos-arm64 | 0.1.3 | 27.00 | NOTE | |||
r-release-macos-x86_64 | 0.1.3 | 51.00 | NOTE | |||
r-release-windows-x86_64 | 0.1.3 | 16.00 | 84.00 | 100.00 | OK | |
r-oldrel-macos-arm64 | 0.1.3 | 30.00 | NOTE | |||
r-oldrel-macos-x86_64 | 0.1.3 | 38.00 | NOTE | |||
r-oldrel-windows-ix86+x86_64 | 0.1.3 | 14.00 | 71.00 | 85.00 | OK |
Version: 0.1.3
Check: for non-standard things in the check directory
Result: NOTE
Found the following files/directories:
'file.path(temp_dir, gp2.csv)'
Flavors: r-devel-linux-x86_64-debian-clang, r-devel-linux-x86_64-debian-gcc, r-devel-linux-x86_64-fedora-clang, r-devel-linux-x86_64-fedora-gcc, r-patched-linux-x86_64, r-release-linux-x86_64
Version: 0.1.3
Check: dependencies in R code
Result: NOTE
Namespace in Imports field not imported from: ‘knitr’
All declared Imports should be used.
Flavors: r-devel-linux-x86_64-fedora-clang, r-devel-linux-x86_64-fedora-gcc, r-release-macos-arm64, r-release-macos-x86_64, r-oldrel-macos-arm64, r-oldrel-macos-x86_64