CRAN Package Check Results for Package encode

Last updated on 2022-07-03 07:51:52 CEST.

Flavor Version Tinstall Tcheck Ttotal Status Flags
r-devel-linux-x86_64-debian-clang 0.3.6 1.91 21.90 23.81 NOTE
r-devel-linux-x86_64-debian-gcc 0.3.6 1.60 17.07 18.67 NOTE
r-devel-linux-x86_64-fedora-clang 0.3.6 40.53 NOTE
r-devel-linux-x86_64-fedora-gcc 0.3.6 39.83 NOTE
r-devel-windows-x86_64 0.3.6 15.00 47.00 62.00 NOTE
r-patched-linux-x86_64 0.3.6 2.64 21.05 23.69 NOTE
r-release-linux-x86_64 0.3.6 1.78 21.05 22.83 NOTE
r-release-macos-arm64 0.3.6 16.00 NOTE
r-release-macos-x86_64 0.3.6 21.00 NOTE
r-release-windows-x86_64 0.3.6 16.00 48.00 64.00 NOTE
r-oldrel-macos-arm64 0.3.6 16.00 NOTE
r-oldrel-macos-x86_64 0.3.6 24.00 NOTE
r-oldrel-windows-ix86+x86_64 0.3.6 5.00 38.00 43.00 NOTE

Check Details

Version: 0.3.6
Check: Rd files
Result: NOTE
    checkRd: (-1) encode.character.Rd:22: Escaped LaTeX specials: \~
Flavors: r-devel-linux-x86_64-debian-clang, r-devel-linux-x86_64-debian-gcc, r-devel-linux-x86_64-fedora-clang, r-devel-linux-x86_64-fedora-gcc, r-devel-windows-x86_64

Version: 0.3.6
Check: LazyData
Result: NOTE
     'LazyData' is specified without a 'data' directory
Flavors: r-devel-linux-x86_64-debian-clang, r-devel-linux-x86_64-debian-gcc, r-devel-linux-x86_64-fedora-clang, r-devel-linux-x86_64-fedora-gcc, r-devel-windows-x86_64, r-patched-linux-x86_64, r-release-linux-x86_64, r-release-macos-arm64, r-release-macos-x86_64, r-release-windows-x86_64, r-oldrel-macos-arm64, r-oldrel-macos-x86_64, r-oldrel-windows-ix86+x86_64