CRAN Package Check Results for Package emstreeR

Last updated on 2022-08-11 07:51:43 CEST.

Flavor Version Tinstall Tcheck Ttotal Status Flags
r-devel-linux-x86_64-debian-clang 3.0.0 4.06 37.97 42.03 OK
r-devel-linux-x86_64-debian-gcc 3.0.0 3.41 28.83 32.24 OK
r-devel-linux-x86_64-fedora-clang 3.0.0 62.78 NOTE
r-devel-linux-x86_64-fedora-gcc 3.0.0 60.36 NOTE
r-devel-windows-x86_64 3.0.0 15.00 60.00 75.00 OK
r-patched-linux-x86_64 3.0.0 3.86 35.26 39.12 OK
r-release-linux-x86_64 3.0.0 OK
r-release-macos-arm64 3.0.0 19.00 NOTE
r-release-macos-x86_64 3.0.0 34.00 NOTE
r-release-windows-x86_64 3.0.0 20.00 60.00 80.00 OK
r-oldrel-macos-arm64 3.0.0 18.00 NOTE
r-oldrel-macos-x86_64 3.0.0 25.00 NOTE
r-oldrel-windows-ix86+x86_64 3.0.0 12.00 51.00 63.00 OK

Check Details

Version: 3.0.0
Check: dependencies in R code
Result: NOTE
    Namespace in Imports field not imported from: ‘BBmisc’
     All declared Imports should be used.
Flavors: r-devel-linux-x86_64-fedora-clang, r-devel-linux-x86_64-fedora-gcc, r-release-macos-arm64, r-release-macos-x86_64, r-oldrel-macos-arm64, r-oldrel-macos-x86_64