CRAN Package Check Results for Package emojifont

Last updated on 2022-01-21 07:52:31 CET.

Flavor Version Tinstall Tcheck Ttotal Status Flags
r-devel-linux-x86_64-debian-clang 0.5.5 OK
r-devel-linux-x86_64-debian-gcc 0.5.5 4.18 47.58 51.76 OK
r-devel-linux-x86_64-fedora-clang 0.5.5 81.60 NOTE
r-devel-linux-x86_64-fedora-gcc 0.5.5 67.82 OK
r-devel-windows-x86_64-new-UL 0.5.5 27.00 90.00 117.00 NOTE
r-devel-windows-x86_64-new-TK 0.5.5 OK
r-patched-linux-x86_64 0.5.5 5.07 57.29 62.36 OK
r-release-linux-x86_64 0.5.5 4.35 57.28 61.63 OK
r-release-macos-arm64 0.5.5 NOTE
r-release-macos-x86_64 0.5.5 NOTE
r-release-windows-ix86+x86_64 0.5.5 15.00 72.00 87.00 NOTE
r-oldrel-macos-x86_64 0.5.5 NOTE
r-oldrel-windows-ix86+x86_64 0.5.5 16.00 71.00 87.00 NOTE

Check Details

Version: 0.5.5
Check: installed package size
Result: NOTE
     installed size is 7.0Mb
     sub-directories of 1Mb or more:
     emoji_fonts 6.5Mb
Flavors: r-devel-linux-x86_64-fedora-clang, r-devel-windows-x86_64-new-UL, r-release-macos-arm64, r-release-macos-x86_64, r-release-windows-ix86+x86_64, r-oldrel-macos-x86_64, r-oldrel-windows-ix86+x86_64