CRAN Package Check Results for Package emoa

Last updated on 2022-07-01 07:51:42 CEST.

Flavor Version Tinstall Tcheck Ttotal Status Flags
r-devel-linux-x86_64-debian-clang 0.5-0.1 6.15 26.28 32.43 OK
r-devel-linux-x86_64-debian-gcc 0.5-0.1 5.09 20.64 25.73 OK
r-devel-linux-x86_64-fedora-clang 0.5-0.1 51.10 NOTE
r-devel-linux-x86_64-fedora-gcc 0.5-0.1 50.04 NOTE
r-devel-windows-x86_64 0.5-0.1 40.00 52.00 92.00 OK
r-patched-linux-x86_64 0.5-0.1 5.78 25.18 30.96 OK
r-release-linux-x86_64 0.5-0.1 6.23 25.14 31.37 OK
r-release-macos-arm64 0.5-0.1 18.00 OK
r-release-macos-x86_64 0.5-0.1 24.00 OK
r-release-windows-x86_64 0.5-0.1 38.00 54.00 92.00 OK
r-oldrel-macos-arm64 0.5-0.1 23.00 OK
r-oldrel-macos-x86_64 0.5-0.1 34.00 OK
r-oldrel-windows-ix86+x86_64 0.5-0.1 27.00 48.00 75.00 OK

Check Details

Version: 0.5-0.1
Check: compiled code
Result: NOTE
    File ‘emoa/libs/emoa.so’:
     Found no calls to: ‘R_registerRoutines’, ‘R_useDynamicSymbols’
    
    It is good practice to register native routines and to disable symbol
    search.
    
    See ‘Writing portable packages’ in the ‘Writing R Extensions’ manual.
Flavors: r-devel-linux-x86_64-fedora-clang, r-devel-linux-x86_64-fedora-gcc