CRAN Package Check Results for Package emhawkes

Last updated on 2022-01-27 06:48:32 CET.

Flavor Version Tinstall Tcheck Ttotal Status Flags
r-devel-linux-x86_64-debian-clang 0.9.5 4.38 278.18 282.56 NOTE
r-devel-linux-x86_64-debian-gcc 0.9.5 3.72 191.54 195.26 NOTE
r-devel-linux-x86_64-fedora-clang 0.9.5 330.64 NOTE
r-devel-linux-x86_64-fedora-gcc 0.9.5 329.79 NOTE
r-devel-windows-x86_64-new-UL 0.9.5 41.00 245.00 286.00 NOTE
r-devel-windows-x86_64-new-TK 0.9.5 NOTE
r-patched-linux-x86_64 0.9.5 4.15 273.36 277.51 NOTE
r-release-linux-x86_64 0.9.5 4.34 267.84 272.18 NOTE
r-release-macos-arm64 0.9.5 NOTE
r-release-macos-x86_64 0.9.5 NOTE
r-release-windows-ix86+x86_64 0.9.5 11.00 301.00 312.00 NOTE
r-oldrel-macos-x86_64 0.9.5 OK
r-oldrel-windows-ix86+x86_64 0.9.5 10.00 300.00 310.00 OK

Check Details

Version: 0.9.5
Check: LazyData
Result: NOTE
     'LazyData' is specified without a 'data' directory
Flavors: r-devel-linux-x86_64-debian-clang, r-devel-linux-x86_64-debian-gcc, r-devel-linux-x86_64-fedora-clang, r-devel-linux-x86_64-fedora-gcc, r-devel-windows-x86_64-new-UL, r-devel-windows-x86_64-new-TK, r-patched-linux-x86_64, r-release-linux-x86_64, r-release-macos-arm64, r-release-macos-x86_64, r-release-windows-ix86+x86_64