Last updated on 2022-07-07 06:49:52 CEST.
Flavor | Version | Tinstall | Tcheck | Ttotal | Status | Flags |
---|---|---|---|---|---|---|
r-devel-linux-x86_64-debian-clang | 8.5 | 27.79 | 172.17 | 199.96 | OK | |
r-devel-linux-x86_64-debian-gcc | 8.5 | 20.52 | 125.73 | 146.25 | OK | |
r-devel-linux-x86_64-fedora-clang | 8.5 | 254.97 | NOTE | |||
r-devel-linux-x86_64-fedora-gcc | 8.5 | 257.54 | NOTE | |||
r-devel-windows-x86_64 | 8.5 | 112.00 | 215.00 | 327.00 | OK | |
r-patched-linux-x86_64 | 8.5 | 27.68 | 163.05 | 190.73 | OK | |
r-release-linux-x86_64 | 8.5 | 26.57 | 161.46 | 188.03 | OK | |
r-release-macos-arm64 | 8.5 | 110.00 | NOTE | |||
r-release-macos-x86_64 | 8.5 | 138.00 | NOTE | |||
r-release-windows-x86_64 | 8.5 | 140.00 | 221.00 | 361.00 | OK | |
r-oldrel-macos-arm64 | 8.5 | 110.00 | NOTE | |||
r-oldrel-macos-x86_64 | 8.5 | 137.00 | NOTE | |||
r-oldrel-windows-ix86+x86_64 | 8.5 | 53.00 | 192.00 | 245.00 | OK |
Version: 8.5
Check: data for non-ASCII characters
Result: NOTE
Note: found 155 marked UTF-8 strings
Flavors: r-devel-linux-x86_64-fedora-clang, r-devel-linux-x86_64-fedora-gcc, r-release-macos-arm64, r-release-macos-x86_64, r-oldrel-macos-arm64, r-oldrel-macos-x86_64