Last updated on 2022-05-23 06:49:45 CEST.
Flavor | Version | Tinstall | Tcheck | Ttotal | Status | Flags |
---|---|---|---|---|---|---|
r-devel-linux-x86_64-debian-clang | 0.2.0 | 19.07 | 202.76 | 221.83 | OK | |
r-devel-linux-x86_64-debian-gcc | 0.2.0 | 12.02 | 150.30 | 162.32 | OK | |
r-devel-linux-x86_64-fedora-clang | 0.2.0 | 268.37 | NOTE | |||
r-devel-linux-x86_64-fedora-gcc | 0.2.0 | 256.41 | OK | |||
r-devel-windows-x86_64 | 0.2.0 | 34.00 | 233.00 | 267.00 | OK | |
r-patched-linux-x86_64 | 0.2.0 | 18.08 | 192.27 | 210.35 | OK | |
r-release-linux-x86_64 | 0.2.0 | OK | ||||
r-release-macos-arm64 | 0.2.0 | 69.00 | OK | |||
r-release-macos-x86_64 | 0.2.0 | 100.00 | OK | |||
r-release-windows-x86_64 | 0.2.0 | 36.00 | 218.00 | 254.00 | OK | |
r-oldrel-macos-arm64 | 0.2.0 | 62.00 | OK | |||
r-oldrel-macos-x86_64 | 0.2.0 | 95.00 | OK | |||
r-oldrel-windows-ix86+x86_64 | 0.2.0 | 37.00 | 209.00 | 246.00 | OK |
Version: 0.2.0
Check: Rd cross-references
Result: NOTE
Undeclared package ‘textrecipes’ in Rd xrefs
Flavor: r-devel-linux-x86_64-fedora-clang