CRAN Package Check Results for Package ef

Last updated on 2022-05-24 07:52:19 CEST.

Flavor Version Tinstall Tcheck Ttotal Status Flags
r-devel-linux-x86_64-debian-clang 1.2.0 79.12 106.99 186.11 OK
r-devel-linux-x86_64-debian-gcc 1.2.0 63.52 79.60 143.12 OK
r-devel-linux-x86_64-fedora-clang 1.2.0 243.25 NOTE
r-devel-linux-x86_64-fedora-gcc 1.2.0 225.41 OK
r-devel-windows-x86_64 1.2.0 53.00 135.00 188.00 NOTE
r-patched-linux-x86_64 1.2.0 65.08 104.33 169.41 OK
r-release-linux-x86_64 1.2.0 OK
r-release-macos-arm64 1.2.0 62.00 NOTE
r-release-macos-x86_64 1.2.0 112.00 NOTE
r-release-windows-x86_64 1.2.0 53.00 136.00 189.00 NOTE
r-oldrel-macos-arm64 1.2.0 69.00 NOTE
r-oldrel-macos-x86_64 1.2.0 89.00 NOTE
r-oldrel-windows-ix86+x86_64 1.2.0 142.00 164.00 306.00 NOTE

Check Details

Version: 1.2.0
Check: installed package size
Result: NOTE
     installed size is 11.7Mb
     sub-directories of 1Mb or more:
     libs 11.5Mb
Flavors: r-devel-linux-x86_64-fedora-clang, r-devel-windows-x86_64, r-release-macos-arm64, r-release-macos-x86_64, r-release-windows-x86_64, r-oldrel-macos-arm64, r-oldrel-macos-x86_64, r-oldrel-windows-ix86+x86_64