CRAN Package Check Results for Package eesim

Last updated on 2022-01-29 06:49:32 CET.

Flavor Version Tinstall Tcheck Ttotal Status Flags
r-devel-linux-x86_64-debian-clang 0.1.0 6.20 279.03 285.23 NOTE
r-devel-linux-x86_64-debian-gcc 0.1.0 4.16 210.22 214.38 NOTE
r-devel-linux-x86_64-fedora-clang 0.1.0 337.26 NOTE
r-devel-linux-x86_64-fedora-gcc 0.1.0 338.88 NOTE
r-devel-windows-x86_64-new-UL 0.1.0 20.00 324.00 344.00 NOTE
r-devel-windows-x86_64-new-TK 0.1.0 NOTE
r-patched-linux-x86_64 0.1.0 5.19 272.33 277.52 NOTE
r-release-linux-x86_64 0.1.0 4.10 267.20 271.30 NOTE
r-release-macos-arm64 0.1.0 NOTE
r-release-macos-x86_64 0.1.0 NOTE
r-release-windows-ix86+x86_64 0.1.0 12.00 326.00 338.00 NOTE
r-oldrel-macos-x86_64 0.1.0 OK
r-oldrel-windows-ix86+x86_64 0.1.0 12.00 315.00 327.00 OK

Check Details

Version: 0.1.0
Check: LazyData
Result: NOTE
     'LazyData' is specified without a 'data' directory
Flavors: r-devel-linux-x86_64-debian-clang, r-devel-linux-x86_64-debian-gcc, r-devel-linux-x86_64-fedora-clang, r-devel-linux-x86_64-fedora-gcc, r-devel-windows-x86_64-new-UL, r-devel-windows-x86_64-new-TK, r-patched-linux-x86_64, r-release-linux-x86_64, r-release-macos-arm64, r-release-macos-x86_64, r-release-windows-ix86+x86_64