CRAN Package Check Results for Package ecr

Last updated on 2022-07-01 07:51:42 CEST.

Flavor Version Tinstall Tcheck Ttotal Status Flags
r-devel-linux-x86_64-debian-clang 2.1.0 14.52 98.84 113.36 NOTE
r-devel-linux-x86_64-debian-gcc 2.1.0 12.21 74.03 86.24 NOTE
r-devel-linux-x86_64-fedora-clang 2.1.0 147.99 NOTE
r-devel-linux-x86_64-fedora-gcc 2.1.0 145.14 NOTE
r-devel-windows-x86_64 2.1.0 70.00 140.00 210.00 NOTE
r-patched-linux-x86_64 2.1.0 16.95 97.56 114.51 NOTE
r-release-linux-x86_64 2.1.0 16.02 98.69 114.71 NOTE
r-release-macos-arm64 2.1.0 58.00 NOTE
r-release-macos-x86_64 2.1.0 84.00 NOTE
r-release-windows-x86_64 2.1.0 48.00 142.00 190.00 NOTE
r-oldrel-macos-arm64 2.1.0 106.00 NOTE
r-oldrel-macos-x86_64 2.1.0 91.00 NOTE
r-oldrel-windows-ix86+x86_64 2.1.0 42.00 143.00 185.00 NOTE

Check Details

Version: 2.1.0
Check: LazyData
Result: NOTE
     'LazyData' is specified without a 'data' directory
Flavors: r-devel-linux-x86_64-debian-clang, r-devel-linux-x86_64-debian-gcc, r-devel-linux-x86_64-fedora-clang, r-devel-linux-x86_64-fedora-gcc, r-devel-windows-x86_64, r-patched-linux-x86_64, r-release-linux-x86_64, r-release-macos-arm64, r-release-macos-x86_64, r-release-windows-x86_64, r-oldrel-macos-arm64, r-oldrel-macos-x86_64, r-oldrel-windows-ix86+x86_64