CRAN Package Check Results for Package econullnetr

Last updated on 2022-07-01 07:51:42 CEST.

Flavor Version Tinstall Tcheck Ttotal Status Flags
r-devel-linux-x86_64-debian-clang 0.2.1 3.36 92.42 95.78 OK
r-devel-linux-x86_64-debian-gcc 0.2.1 3.42 66.96 70.38 OK
r-devel-linux-x86_64-fedora-clang 0.2.1 123.45 WARN
r-devel-linux-x86_64-fedora-gcc 0.2.1 122.62 WARN
r-devel-windows-x86_64 0.2.1 77.00 139.00 216.00 OK
r-patched-linux-x86_64 0.2.1 3.17 88.52 91.69 OK
r-release-linux-x86_64 0.2.1 2.70 87.47 90.17 OK
r-release-macos-arm64 0.2.1 42.00 OK
r-release-macos-x86_64 0.2.1 78.00 OK
r-release-windows-x86_64 0.2.1 41.00 148.00 189.00 OK
r-oldrel-macos-arm64 0.2.1 52.00 OK
r-oldrel-macos-x86_64 0.2.1 80.00 OK
r-oldrel-windows-ix86+x86_64 0.2.1 9.00 130.00 139.00 OK

Check Details

Version: 0.2.1
Check: package dependencies
Result: WARN
    Requires orphaned package: ‘gtools’
Flavors: r-devel-linux-x86_64-fedora-clang, r-devel-linux-x86_64-fedora-gcc