CRAN Package Check Results for Package eclust

Last updated on 2022-05-18 06:50:40 CEST.

Flavor Version Tinstall Tcheck Ttotal Status Flags
r-devel-linux-x86_64-debian-clang 0.1.0 7.48 199.28 206.76 OK
r-devel-linux-x86_64-debian-gcc 0.1.0 5.18 132.12 137.30 OK
r-devel-linux-x86_64-fedora-clang 0.1.0 252.33 NOTE
r-devel-linux-x86_64-fedora-gcc 0.1.0 254.74 NOTE
r-devel-windows-x86_64 0.1.0 18.00 278.00 296.00 OK
r-patched-linux-x86_64 0.1.0 6.02 193.18 199.20 OK
r-release-linux-x86_64 0.1.0 6.44 197.52 203.96 OK
r-release-macos-arm64 0.1.0 88.00 NOTE
r-release-macos-x86_64 0.1.0 176.00 NOTE
r-release-windows-x86_64 0.1.0 20.00 262.00 282.00 OK
r-oldrel-macos-arm64 0.1.0 112.00 NOTE
r-oldrel-macos-x86_64 0.1.0 127.00 NOTE
r-oldrel-windows-ix86+x86_64 0.1.0 15.00 257.00 272.00 OK

Check Details

Version: 0.1.0
Check: dependencies in R code
Result: NOTE
    Namespace in Imports field not imported from: ‘pander’
     All declared Imports should be used.
Flavors: r-devel-linux-x86_64-fedora-clang, r-devel-linux-x86_64-fedora-gcc, r-release-macos-arm64, r-release-macos-x86_64, r-oldrel-macos-arm64, r-oldrel-macos-x86_64