CRAN Package Check Results for Package ec50estimator

Last updated on 2022-01-28 06:53:19 CET.

Flavor Version Tinstall Tcheck Ttotal Status Flags
r-devel-linux-x86_64-debian-clang 0.1.0 2.26 52.58 54.84 OK
r-devel-linux-x86_64-debian-gcc 0.1.0 1.93 40.54 42.47 OK
r-devel-linux-x86_64-fedora-clang 0.1.0 64.43 OK
r-devel-linux-x86_64-fedora-gcc 0.1.0 57.59 OK
r-devel-windows-x86_64-new-UL 0.1.0 42.00 80.00 122.00 OK
r-devel-windows-x86_64-new-TK 0.1.0 ERROR
r-patched-linux-x86_64 0.1.0 1.63 47.20 48.83 OK
r-release-linux-x86_64 0.1.0 2.06 48.52 50.58 OK
r-release-macos-arm64 0.1.0 OK
r-release-macos-x86_64 0.1.0 OK
r-release-windows-ix86+x86_64 0.1.0 7.00 58.00 65.00 OK
r-oldrel-macos-x86_64 0.1.0 OK
r-oldrel-windows-ix86+x86_64 0.1.0 7.00 60.00 67.00 OK

Check Details

Version: 0.1.0
Check: package dependencies
Result: ERROR
    Package required but not available: 'drc'
    
    See section 'The DESCRIPTION file' in the 'Writing R Extensions'
    manual.
Flavor: r-devel-windows-x86_64-new-TK