Last updated on 2022-07-02 07:06:58 CEST.
Flavor | Version | Tinstall | Tcheck | Ttotal | Status | Flags |
---|---|---|---|---|---|---|
r-devel-linux-x86_64-debian-clang | 1.0.0 | 4.39 | 56.98 | 61.37 | NOTE | |
r-devel-linux-x86_64-debian-gcc | 1.0.0 | 3.37 | 42.95 | 46.32 | NOTE | |
r-devel-linux-x86_64-fedora-clang | 1.0.0 | 83.02 | NOTE | |||
r-devel-linux-x86_64-fedora-gcc | 1.0.0 | 91.02 | NOTE | |||
r-devel-windows-x86_64 | 1.0.0 | 51.00 | 107.00 | 158.00 | NOTE | |
r-patched-linux-x86_64 | 1.0.0 | 4.49 | 54.40 | 58.89 | NOTE | |
r-release-linux-x86_64 | 1.0.0 | 3.97 | 54.22 | 58.19 | NOTE | |
r-release-macos-arm64 | 1.0.0 | 38.00 | NOTE | |||
r-release-macos-x86_64 | 1.0.0 | 50.00 | NOTE | |||
r-release-windows-x86_64 | 1.0.0 | 39.00 | 104.00 | 143.00 | NOTE | |
r-oldrel-macos-arm64 | 1.0.0 | 42.00 | NOTE | |||
r-oldrel-macos-x86_64 | 1.0.0 | 47.00 | NOTE | |||
r-oldrel-windows-ix86+x86_64 | 1.0.0 | 9.00 | 110.00 | 119.00 | NOTE |
Version: 1.0.0
Check: package dependencies
Result: NOTE
Package which this enhances but not available for checking: 'gurobi'
Flavors: r-devel-linux-x86_64-debian-clang, r-devel-linux-x86_64-debian-gcc, r-devel-linux-x86_64-fedora-clang, r-devel-linux-x86_64-fedora-gcc, r-devel-windows-x86_64, r-patched-linux-x86_64, r-release-linux-x86_64, r-release-macos-arm64, r-release-macos-x86_64, r-release-windows-x86_64, r-oldrel-macos-x86_64, r-oldrel-windows-ix86+x86_64
Version: 1.0.0
Check: dependencies in R code
Result: NOTE
Namespace in Imports field not imported from: ‘mathjaxr’
All declared Imports should be used.
Flavors: r-devel-linux-x86_64-fedora-clang, r-devel-linux-x86_64-fedora-gcc, r-release-macos-arm64, r-release-macos-x86_64, r-oldrel-macos-arm64, r-oldrel-macos-x86_64
Version: 1.0.0
Check: package dependencies
Result: NOTE
Package suggested but not available for checking: ‘Rsymphony’
Package which this enhances but not available for checking: ‘gurobi’
Flavor: r-oldrel-macos-arm64