CRAN Package Check Results for Package easylabel

Last updated on 2022-08-10 07:51:40 CEST.

Flavor Version Tinstall Tcheck Ttotal Status Flags
r-devel-linux-x86_64-debian-clang 0.2.4 12.23 106.87 119.10 OK
r-devel-linux-x86_64-debian-gcc 0.2.4 9.93 77.77 87.70 OK
r-devel-linux-x86_64-fedora-clang 0.2.4 156.80 OK
r-devel-linux-x86_64-fedora-gcc 0.2.4 156.16 OK
r-devel-windows-x86_64 0.2.4 23.00 138.00 161.00 OK
r-patched-linux-x86_64 0.2.4 9.82 97.14 106.96 OK
r-release-linux-x86_64 0.2.4 OK
r-release-macos-arm64 0.2.4 42.00 NOTE
r-release-macos-x86_64 0.2.4 64.00 OK
r-release-windows-x86_64 0.2.4 25.00 137.00 162.00 OK
r-oldrel-macos-arm64 0.2.4 49.00 OK
r-oldrel-macos-x86_64 0.2.4 54.00 NOTE
r-oldrel-windows-ix86+x86_64 0.2.4 25.00 124.00 149.00 OK

Check Details

Version: 0.2.4
Check: package dependencies
Result: NOTE
    Packages suggested but not available for checking:
     'AnnotationDbi', 'org.Hs.eg.db', 'qvalue'
Flavor: r-release-macos-arm64

Version: 0.2.4
Check: Rd cross-references
Result: NOTE
    Package unavailable to check Rd xrefs: ‘AnnotationDbi’
Flavor: r-release-macos-arm64

Version: 0.2.4
Check: package dependencies
Result: NOTE
    Package suggested but not available for checking: ‘org.Hs.eg.db’
Flavor: r-oldrel-macos-x86_64