CRAN Package Check Results for Package earthtones

Last updated on 2022-08-19 06:52:21 CEST.

Flavor Version Tinstall Tcheck Ttotal Status Flags
r-devel-linux-x86_64-debian-clang 0.1.1 1.65 24.81 26.46 NOTE
r-devel-linux-x86_64-debian-gcc 0.1.1 1.15 19.24 20.39 NOTE
r-devel-linux-x86_64-fedora-clang 0.1.1 43.38 NOTE
r-devel-linux-x86_64-fedora-gcc 0.1.1 43.81 NOTE
r-devel-windows-x86_64 0.1.1 9.00 50.00 59.00 NOTE
r-patched-linux-x86_64 0.1.1 6.70 23.52 30.22 NOTE
r-release-linux-x86_64 0.1.1 NOTE
r-release-macos-arm64 0.1.1 17.00 NOTE
r-release-macos-x86_64 0.1.1 32.00 NOTE
r-release-windows-x86_64 0.1.1 9.00 51.00 60.00 NOTE
r-oldrel-macos-arm64 0.1.1 21.00 NOTE
r-oldrel-macos-x86_64 0.1.1 25.00 NOTE
r-oldrel-windows-ix86+x86_64 0.1.1 6.00 50.00 56.00 NOTE

Check Details

Version: 0.1.1
Check: LazyData
Result: NOTE
     'LazyData' is specified without a 'data' directory
Flavors: r-devel-linux-x86_64-debian-clang, r-devel-linux-x86_64-debian-gcc, r-devel-linux-x86_64-fedora-clang, r-devel-linux-x86_64-fedora-gcc, r-devel-windows-x86_64, r-patched-linux-x86_64, r-release-linux-x86_64, r-release-macos-arm64, r-release-macos-x86_64, r-release-windows-x86_64, r-oldrel-macos-arm64, r-oldrel-macos-x86_64, r-oldrel-windows-ix86+x86_64