Last updated on 2022-05-21 07:55:22 CEST.
Flavor | Version | Tinstall | Tcheck | Ttotal | Status | Flags |
---|---|---|---|---|---|---|
r-devel-linux-x86_64-debian-clang | 0.0.5 | 6.10 | 88.22 | 94.32 | NOTE | |
r-devel-linux-x86_64-debian-gcc | 0.0.5 | 4.48 | 65.99 | 70.47 | NOTE | |
r-devel-linux-x86_64-fedora-clang | 0.0.5 | 107.65 | NOTE | |||
r-devel-linux-x86_64-fedora-gcc | 0.0.5 | 106.30 | NOTE | |||
r-devel-windows-x86_64 | 0.0.5 | 16.00 | 108.00 | 124.00 | NOTE | |
r-patched-linux-x86_64 | 0.0.5 | 4.74 | 82.58 | 87.32 | NOTE | |
r-release-linux-x86_64 | 0.0.5 | 4.06 | 82.54 | 86.60 | NOTE | |
r-release-macos-arm64 | 0.0.5 | 37.00 | NOTE | |||
r-release-macos-x86_64 | 0.0.5 | 76.00 | NOTE | |||
r-release-windows-x86_64 | 0.0.5 | 18.00 | 112.00 | 130.00 | NOTE | |
r-oldrel-macos-arm64 | 0.0.5 | 45.00 | NOTE | |||
r-oldrel-macos-x86_64 | 0.0.5 | 62.00 | NOTE | |||
r-oldrel-windows-ix86+x86_64 | 0.0.5 | 15.00 | 106.00 | 121.00 | NOTE |
Version: 0.0.5
Check: LazyData
Result: NOTE
'LazyData' is specified without a 'data' directory
Flavors: r-devel-linux-x86_64-debian-clang, r-devel-linux-x86_64-debian-gcc, r-devel-linux-x86_64-fedora-clang, r-devel-linux-x86_64-fedora-gcc, r-devel-windows-x86_64, r-patched-linux-x86_64, r-release-linux-x86_64, r-release-macos-arm64, r-release-macos-x86_64, r-release-windows-x86_64, r-oldrel-macos-arm64, r-oldrel-macos-x86_64, r-oldrel-windows-ix86+x86_64