CRAN Package Check Results for Package eFRED

Last updated on 2022-01-23 07:13:58 CET.

Flavor Version Tinstall Tcheck Ttotal Status Flags
r-devel-linux-x86_64-debian-clang 0.1.0 3.09 38.05 41.14 OK
r-devel-linux-x86_64-debian-gcc 0.1.0 2.40 33.05 35.45 OK
r-devel-linux-x86_64-fedora-clang 0.1.0 52.28 NOTE
r-devel-linux-x86_64-fedora-gcc 0.1.0 40.34 NOTE
r-devel-windows-x86_64-new-UL 0.1.0 42.00 65.00 107.00 OK
r-devel-windows-x86_64-new-TK 0.1.0 NOTE
r-patched-linux-x86_64 0.1.0 2.91 37.01 39.92 OK
r-release-linux-x86_64 0.1.0 2.38 36.75 39.13 OK
r-release-macos-arm64 0.1.0 NOTE
r-release-macos-x86_64 0.1.0 NOTE
r-release-windows-ix86+x86_64 0.1.0 11.00 53.00 64.00 OK
r-oldrel-macos-x86_64 0.1.0 NOTE
r-oldrel-windows-ix86+x86_64 0.1.0 7.00 54.00 61.00 OK

Check Details

Version: 0.1.0
Check: data for non-ASCII characters
Result: NOTE
     Note: found 24 marked UTF-8 strings
Flavors: r-devel-linux-x86_64-fedora-clang, r-devel-linux-x86_64-fedora-gcc, r-devel-windows-x86_64-new-TK, r-release-macos-arm64, r-release-macos-x86_64, r-oldrel-macos-x86_64