Last updated on 2022-07-06 07:48:57 CEST.
Flavor | Version | Tinstall | Tcheck | Ttotal | Status | Flags |
---|---|---|---|---|---|---|
r-devel-linux-x86_64-debian-clang | 1.2.2 | 18.07 | 272.29 | 290.36 | OK | |
r-devel-linux-x86_64-debian-gcc | 1.2.2 | 12.78 | 200.82 | 213.60 | OK | |
r-devel-linux-x86_64-fedora-clang | 1.2.2 | 369.69 | OK | |||
r-devel-linux-x86_64-fedora-gcc | 1.2.2 | 348.87 | OK | |||
r-devel-windows-x86_64 | 1.2.2 | 87.00 | 315.00 | 402.00 | OK | |
r-patched-linux-x86_64 | 1.2.2 | 12.16 | 257.58 | 269.74 | OK | |
r-release-linux-x86_64 | 1.2.2 | 11.19 | 261.46 | 272.65 | OK | |
r-release-macos-arm64 | 1.2.2 | 91.00 | OK | |||
r-release-macos-x86_64 | 1.2.2 | 141.00 | OK | |||
r-release-windows-x86_64 | 1.2.2 | 103.00 | 306.00 | 409.00 | OK | |
r-oldrel-macos-arm64 | 1.2.2 | 96.00 | NOTE | |||
r-oldrel-macos-x86_64 | 1.2.2 | 181.00 | NOTE | |||
r-oldrel-windows-ix86+x86_64 | 1.2.2 | 39.00 | 339.00 | 378.00 | OK |
Version: 1.2.2
Check: package dependencies
Result: NOTE
Package suggested but not available for checking: ‘hdf5r’
Flavors: r-oldrel-macos-arm64, r-oldrel-macos-x86_64