CRAN Package Check Results for Package dyndimred

Last updated on 2022-05-16 06:52:22 CEST.

Flavor Version Tinstall Tcheck Ttotal Status Flags
r-devel-linux-x86_64-debian-clang 1.0.4 11.41 182.02 193.43 NOTE
r-devel-linux-x86_64-debian-gcc 1.0.4 9.47 137.09 146.56 NOTE
r-devel-linux-x86_64-fedora-clang 1.0.4 231.54 NOTE
r-devel-linux-x86_64-fedora-gcc 1.0.4 238.77 NOTE
r-devel-windows-x86_64 1.0.4 24.00 202.00 226.00 NOTE
r-patched-linux-x86_64 1.0.4 8.06 174.23 182.29 NOTE
r-release-linux-x86_64 1.0.4 9.15 173.12 182.27 NOTE
r-release-macos-arm64 1.0.4 77.00 NOTE
r-release-macos-x86_64 1.0.4 189.00 NOTE
r-release-windows-x86_64 1.0.4 29.00 201.00 230.00 NOTE
r-oldrel-macos-arm64 1.0.4 83.00 NOTE
r-oldrel-macos-x86_64 1.0.4 169.00 NOTE
r-oldrel-windows-ix86+x86_64 1.0.4 25.00 206.00 231.00 NOTE

Check Details

Version: 1.0.4
Check: LazyData
Result: NOTE
     'LazyData' is specified without a 'data' directory
Flavors: r-devel-linux-x86_64-debian-clang, r-devel-linux-x86_64-debian-gcc, r-devel-linux-x86_64-fedora-clang, r-devel-linux-x86_64-fedora-gcc, r-devel-windows-x86_64, r-patched-linux-x86_64, r-release-linux-x86_64, r-release-macos-arm64, r-release-macos-x86_64, r-release-windows-x86_64, r-oldrel-macos-arm64, r-oldrel-macos-x86_64, r-oldrel-windows-ix86+x86_64