CRAN Package Check Results for Package duawranglr

Last updated on 2022-01-23 07:13:57 CET.

Flavor Version Tinstall Tcheck Ttotal Status Flags
r-devel-linux-x86_64-debian-clang 0.6.7 2.74 41.75 44.49 OK
r-devel-linux-x86_64-debian-gcc 0.6.7 2.45 35.67 38.12 OK
r-devel-linux-x86_64-fedora-clang 0.6.7 55.20 NOTE
r-devel-linux-x86_64-fedora-gcc 0.6.7 44.35 NOTE
r-devel-windows-x86_64-new-UL 0.6.7 50.00 73.00 123.00 OK
r-devel-windows-x86_64-new-TK 0.6.7 NOTE
r-patched-linux-x86_64 0.6.7 2.58 40.57 43.15 OK
r-release-linux-x86_64 0.6.7 1.72 39.68 41.40 OK
r-release-macos-arm64 0.6.7 NOTE
r-release-macos-x86_64 0.6.7 NOTE
r-release-windows-ix86+x86_64 0.6.7 7.00 53.00 60.00 OK
r-oldrel-macos-x86_64 0.6.7 NOTE
r-oldrel-windows-ix86+x86_64 0.6.7 7.00 53.00 60.00 OK

Check Details

Version: 0.6.7
Check: dependencies in R code
Result: NOTE
    Namespaces in Imports field not imported from:
     ‘digest’ ‘dplyr’
     All declared Imports should be used.
Flavors: r-devel-linux-x86_64-fedora-clang, r-devel-linux-x86_64-fedora-gcc, r-devel-windows-x86_64-new-TK, r-release-macos-arm64, r-release-macos-x86_64, r-oldrel-macos-x86_64