CRAN Package Check Results for Package dtpcrm

Last updated on 2022-01-27 06:48:32 CET.

Flavor Version Tinstall Tcheck Ttotal Status Flags
r-devel-linux-x86_64-debian-clang 0.1.1 2.02 69.59 71.61 NOTE
r-devel-linux-x86_64-debian-gcc 0.1.1 2.04 53.13 55.17 NOTE
r-devel-linux-x86_64-fedora-clang 0.1.1 87.52 NOTE
r-devel-linux-x86_64-fedora-gcc 0.1.1 82.36 NOTE
r-devel-windows-x86_64-new-UL 0.1.1 31.00 131.00 162.00 NOTE
r-devel-windows-x86_64-new-TK 0.1.1 NOTE
r-patched-linux-x86_64 0.1.1 2.62 68.09 70.71 NOTE
r-release-linux-x86_64 0.1.1 1.99 68.72 70.71 NOTE
r-release-macos-arm64 0.1.1 NOTE
r-release-macos-x86_64 0.1.1 NOTE
r-release-windows-ix86+x86_64 0.1.1 6.00 114.00 120.00 NOTE
r-oldrel-macos-x86_64 0.1.1 OK
r-oldrel-windows-ix86+x86_64 0.1.1 6.00 114.00 120.00 OK

Check Details

Version: 0.1.1
Check: LazyData
Result: NOTE
     'LazyData' is specified without a 'data' directory
Flavors: r-devel-linux-x86_64-debian-clang, r-devel-linux-x86_64-debian-gcc, r-devel-linux-x86_64-fedora-clang, r-devel-linux-x86_64-fedora-gcc, r-devel-windows-x86_64-new-UL, r-devel-windows-x86_64-new-TK, r-patched-linux-x86_64, r-release-linux-x86_64, r-release-macos-arm64, r-release-macos-x86_64, r-release-windows-ix86+x86_64