CRAN Package Check Results for Package dragracer

Last updated on 2022-01-21 07:52:30 CET.

Flavor Version Tinstall Tcheck Ttotal Status Flags
r-devel-linux-x86_64-debian-clang 0.1.6 OK
r-devel-linux-x86_64-debian-gcc 0.1.6 1.52 26.21 27.73 OK
r-devel-linux-x86_64-fedora-clang 0.1.6 43.91 NOTE
r-devel-linux-x86_64-fedora-gcc 0.1.6 32.89 NOTE
r-devel-windows-x86_64-new-UL 0.1.6 26.00 57.00 83.00 OK
r-devel-windows-x86_64-new-TK 0.1.6 NOTE
r-patched-linux-x86_64 0.1.6 1.23 31.56 32.79 OK
r-release-linux-x86_64 0.1.6 1.79 31.55 33.34 OK
r-release-macos-arm64 0.1.6 NOTE
r-release-macos-x86_64 0.1.6 NOTE
r-release-windows-ix86+x86_64 0.1.6 5.00 42.00 47.00 OK
r-oldrel-macos-x86_64 0.1.6 NOTE
r-oldrel-windows-ix86+x86_64 0.1.6 5.00 40.00 45.00 OK

Check Details

Version: 0.1.6
Check: data for non-ASCII characters
Result: NOTE
     Note: found 100 marked UTF-8 strings
Flavors: r-devel-linux-x86_64-fedora-clang, r-devel-linux-x86_64-fedora-gcc, r-devel-windows-x86_64-new-TK, r-release-macos-arm64, r-release-macos-x86_64, r-oldrel-macos-x86_64