CRAN Package Check Results for Package dplyr

Last updated on 2022-01-26 06:50:12 CET.

Flavor Version Tinstall Tcheck Ttotal Status Flags
r-devel-linux-x86_64-debian-clang 1.0.7 18.91 191.23 210.14 OK
r-devel-linux-x86_64-debian-gcc 1.0.7 14.09 144.65 158.74 OK
r-devel-linux-x86_64-fedora-clang 1.0.7 270.58 NOTE
r-devel-linux-x86_64-fedora-gcc 1.0.7 253.84 NOTE
r-devel-windows-x86_64-new-UL 1.0.7 257.00 280.00 537.00 OK
r-devel-windows-x86_64-new-TK 1.0.7 NOTE
r-patched-linux-x86_64 1.0.7 22.29 192.64 214.93 OK
r-release-linux-x86_64 1.0.7 17.06 193.60 210.66 OK
r-release-macos-arm64 1.0.7 NOTE
r-release-macos-x86_64 1.0.7 NOTE
r-release-windows-ix86+x86_64 1.0.7 41.00 341.00 382.00 OK
r-oldrel-macos-x86_64 1.0.7 NOTE
r-oldrel-windows-ix86+x86_64 1.0.7 2.00 9.00 11.00 ERROR

Check Details

Version: 1.0.7
Check: data for non-ASCII characters
Result: NOTE
     Note: found 4 marked UTF-8 strings
Flavors: r-devel-linux-x86_64-fedora-clang, r-devel-linux-x86_64-fedora-gcc, r-devel-windows-x86_64-new-TK, r-release-macos-arm64, r-release-macos-x86_64, r-oldrel-macos-x86_64

Version: 1.0.7
Check: whether package can be installed
Result: ERROR
    Installation failed.
Flavor: r-oldrel-windows-ix86+x86_64