CRAN Package Check Results for Package dodgr

Last updated on 2022-07-05 07:50:53 CEST.

Flavor Version Tinstall Tcheck Ttotal Status Flags
r-devel-linux-x86_64-debian-clang 0.2.14 167.47 287.07 454.54 NOTE
r-devel-linux-x86_64-debian-gcc 0.2.14 150.18 210.21 360.39 NOTE
r-devel-linux-x86_64-fedora-clang 0.2.14 618.16 NOTE
r-devel-linux-x86_64-fedora-gcc 0.2.14 589.28 NOTE
r-devel-windows-x86_64 0.2.14 162.00 301.00 463.00 NOTE
r-patched-linux-x86_64 0.2.14 155.05 259.06 414.11 NOTE
r-release-linux-x86_64 0.2.14 150.11 259.88 409.99 NOTE
r-release-macos-arm64 0.2.14 170.00 NOTE
r-release-macos-x86_64 0.2.14 232.00 NOTE
r-release-windows-x86_64 0.2.14 165.00 315.00 480.00 NOTE
r-oldrel-macos-arm64 0.2.14 166.00 NOTE
r-oldrel-macos-x86_64 0.2.14 224.00 NOTE
r-oldrel-windows-ix86+x86_64 0.2.14 406.00 473.00 879.00 NOTE

Check Details

Version: 0.2.14
Check: for GNU extensions in Makefiles
Result: NOTE
    GNU make is a SystemRequirements.
Flavors: r-devel-linux-x86_64-debian-clang, r-devel-linux-x86_64-debian-gcc, r-devel-linux-x86_64-fedora-clang, r-devel-linux-x86_64-fedora-gcc, r-devel-windows-x86_64, r-patched-linux-x86_64, r-release-linux-x86_64, r-release-macos-arm64, r-release-macos-x86_64, r-release-windows-x86_64, r-oldrel-macos-arm64, r-oldrel-macos-x86_64, r-oldrel-windows-ix86+x86_64

Version: 0.2.14
Check: installed package size
Result: NOTE
     installed size is 14.2Mb
     sub-directories of 1Mb or more:
     doc 5.2Mb
     libs 8.3Mb
Flavors: r-devel-linux-x86_64-fedora-clang, r-devel-windows-x86_64, r-release-macos-arm64, r-release-macos-x86_64, r-release-windows-x86_64, r-oldrel-macos-arm64, r-oldrel-macos-x86_64, r-oldrel-windows-ix86+x86_64