Last updated on 2022-05-27 07:50:03 CEST.
Flavor | Version | Tinstall | Tcheck | Ttotal | Status | Flags |
---|---|---|---|---|---|---|
r-devel-linux-x86_64-debian-clang | 4.6.13 | 14.99 | 187.95 | 202.94 | OK | |
r-devel-linux-x86_64-debian-gcc | 4.6.13 | 12.00 | 143.30 | 155.30 | OK | |
r-devel-linux-x86_64-fedora-clang | 4.6.13 | 245.27 | NOTE | |||
r-devel-linux-x86_64-fedora-gcc | 4.6.13 | 245.06 | OK | |||
r-devel-windows-x86_64 | 4.6.13 | 39.00 | 250.00 | 289.00 | NOTE | |
r-patched-linux-x86_64 | 4.6.13 | 16.66 | 174.96 | 191.62 | OK | |
r-release-linux-x86_64 | 4.6.13 | 15.74 | 176.01 | 191.75 | OK | |
r-release-macos-arm64 | 4.6.13 | 76.00 | NOTE | |||
r-release-macos-x86_64 | 4.6.13 | 104.00 | NOTE | |||
r-release-windows-x86_64 | 4.6.13 | 51.00 | 258.00 | 309.00 | NOTE | |
r-oldrel-macos-arm64 | 4.6.13 | 76.00 | NOTE | |||
r-oldrel-macos-x86_64 | 4.6.13 | 103.00 | NOTE | |||
r-oldrel-windows-ix86+x86_64 | 4.6.13 | 37.00 | 243.00 | 280.00 | NOTE |
Version: 4.6.13
Check: installed package size
Result: NOTE
installed size is 5.2Mb
sub-directories of 1Mb or more:
data 4.1Mb
Flavors: r-devel-linux-x86_64-fedora-clang, r-devel-windows-x86_64, r-release-macos-arm64, r-release-macos-x86_64, r-release-windows-x86_64, r-oldrel-macos-arm64, r-oldrel-macos-x86_64, r-oldrel-windows-ix86+x86_64