CRAN Package Check Results for Package dispositionEffect

Last updated on 2022-05-25 07:50:18 CEST.

Flavor Version Tinstall Tcheck Ttotal Status Flags
r-devel-linux-x86_64-debian-clang 1.0.0 4.53 189.61 194.14 OK
r-devel-linux-x86_64-debian-gcc 1.0.0 4.75 136.82 141.57 OK
r-devel-linux-x86_64-fedora-clang 1.0.0 214.06 OK
r-devel-linux-x86_64-fedora-gcc 1.0.0 215.92 OK
r-devel-windows-x86_64 1.0.0 119.00 211.00 330.00 OK
r-patched-linux-x86_64 1.0.0 4.28 173.67 177.95 OK
r-release-linux-x86_64 1.0.0 OK
r-release-macos-arm64 1.0.0 88.00 ERROR
r-release-macos-x86_64 1.0.0 94.00 ERROR
r-release-windows-x86_64 1.0.0 116.00 223.00 339.00 OK
r-oldrel-macos-arm64 1.0.0 99.00 ERROR
r-oldrel-macos-x86_64 1.0.0 84.00 ERROR
r-oldrel-windows-ix86+x86_64 1.0.0 10.00 227.00 237.00 OK

Check Details

Version: 1.0.0
Check: tests
Result: ERROR
     Running ‘testthat.R’ [5s/6s]
    Running the tests in ‘tests/testthat.R’ failed.
    Last 13 lines of output:
     realized_duration(...) not equal to c(...).
     1/4 mismatches
     [1] 29 - 28 == 1
     ── Failure (test-realized_duration.R:158:2): realized_duration works (realized_only = TRUE) ──
     realized_duration(...) not equal to c(...).
     1/4 mismatches
     [2] 29 - 28 == 1
     ── Failure (test-realized_duration.R:161:2): realized_duration works (realized_only = TRUE) ──
     realized_duration(...) not equal to c(...).
     1/4 mismatches
     [1] 29 - 28 == 1
    
     [ FAIL 36 | WARN 0 | SKIP 0 | PASS 331 ]
     Error: Test failures
     Execution halted
Flavor: r-release-macos-arm64

Version: 1.0.0
Check: tests
Result: ERROR
     Running ‘testthat.R’ [7s/7s]
    Running the tests in ‘tests/testthat.R’ failed.
    Last 13 lines of output:
     realized_duration(...) not equal to c(...).
     1/4 mismatches
     [1] 31 - 28 == 3
     ── Failure (test-realized_duration.R:158:2): realized_duration works (realized_only = TRUE) ──
     realized_duration(...) not equal to c(...).
     1/4 mismatches
     [2] 31 - 28 == 3
     ── Failure (test-realized_duration.R:161:2): realized_duration works (realized_only = TRUE) ──
     realized_duration(...) not equal to c(...).
     1/4 mismatches
     [1] 31 - 28 == 3
    
     [ FAIL 36 | WARN 0 | SKIP 0 | PASS 331 ]
     Error: Test failures
     Execution halted
Flavor: r-release-macos-x86_64

Version: 1.0.0
Check: tests
Result: ERROR
     Running ‘testthat.R’ [5s/7s]
    Running the tests in ‘tests/testthat.R’ failed.
    Last 13 lines of output:
     realized_duration(...) not equal to c(...).
     1/4 mismatches
     [1] 29 - 28 == 1
     ── Failure (test-realized_duration.R:158:2): realized_duration works (realized_only = TRUE) ──
     realized_duration(...) not equal to c(...).
     1/4 mismatches
     [2] 29 - 28 == 1
     ── Failure (test-realized_duration.R:161:2): realized_duration works (realized_only = TRUE) ──
     realized_duration(...) not equal to c(...).
     1/4 mismatches
     [1] 29 - 28 == 1
    
     [ FAIL 36 | WARN 0 | SKIP 0 | PASS 331 ]
     Error: Test failures
     Execution halted
Flavor: r-oldrel-macos-arm64

Version: 1.0.0
Check: tests
Result: ERROR
     Running ‘testthat.R’ [6s/6s]
    Running the tests in ‘tests/testthat.R’ failed.
    Last 13 lines of output:
     realized_duration(...) not equal to c(...).
     1/4 mismatches
     [1] 31 - 28 == 3
     ── Failure (test-realized_duration.R:158:2): realized_duration works (realized_only = TRUE) ──
     realized_duration(...) not equal to c(...).
     1/4 mismatches
     [2] 31 - 28 == 3
     ── Failure (test-realized_duration.R:161:2): realized_duration works (realized_only = TRUE) ──
     realized_duration(...) not equal to c(...).
     1/4 mismatches
     [1] 31 - 28 == 3
    
     [ FAIL 36 | WARN 0 | SKIP 0 | PASS 331 ]
     Error: Test failures
     Execution halted
Flavor: r-oldrel-macos-x86_64