CRAN Package Check Results for Package disposables

Last updated on 2022-07-03 07:51:51 CEST.

Flavor Version Tinstall Tcheck Ttotal Status Flags
r-devel-linux-x86_64-debian-clang 1.0.3 1.47 25.05 26.52 NOTE
r-devel-linux-x86_64-debian-gcc 1.0.3 1.58 19.64 21.22 NOTE
r-devel-linux-x86_64-fedora-clang 1.0.3 43.99 NOTE
r-devel-linux-x86_64-fedora-gcc 1.0.3 43.89 NOTE
r-devel-windows-x86_64 1.0.3 20.00 52.00 72.00 NOTE
r-patched-linux-x86_64 1.0.3 1.96 24.87 26.83 NOTE
r-release-linux-x86_64 1.0.3 1.69 24.85 26.54 NOTE
r-release-macos-arm64 1.0.3 14.00 NOTE
r-release-macos-x86_64 1.0.3 22.00 NOTE
r-release-windows-x86_64 1.0.3 16.00 51.00 67.00 NOTE
r-oldrel-macos-arm64 1.0.3 17.00 NOTE
r-oldrel-macos-x86_64 1.0.3 29.00 NOTE
r-oldrel-windows-ix86+x86_64 1.0.3 5.00 45.00 50.00 NOTE

Check Details

Version: 1.0.3
Check: LazyData
Result: NOTE
     'LazyData' is specified without a 'data' directory
Flavors: r-devel-linux-x86_64-debian-clang, r-devel-linux-x86_64-debian-gcc, r-devel-linux-x86_64-fedora-clang, r-devel-linux-x86_64-fedora-gcc, r-devel-windows-x86_64, r-patched-linux-x86_64, r-release-linux-x86_64, r-release-macos-arm64, r-release-macos-x86_64, r-release-windows-x86_64, r-oldrel-macos-arm64, r-oldrel-macos-x86_64, r-oldrel-windows-ix86+x86_64