CRAN Package Check Results for Package discreteRV

Last updated on 2022-07-02 07:06:57 CEST.

Flavor Version Tinstall Tcheck Ttotal Status Flags
r-devel-linux-x86_64-debian-clang 1.2.2 3.47 63.77 67.24 NOTE
r-devel-linux-x86_64-debian-gcc 1.2.2 2.99 44.85 47.84 NOTE
r-devel-linux-x86_64-fedora-clang 1.2.2 85.87 NOTE
r-devel-linux-x86_64-fedora-gcc 1.2.2 87.44 NOTE
r-devel-windows-x86_64 1.2.2 33.00 86.00 119.00 NOTE
r-patched-linux-x86_64 1.2.2 3.74 59.49 63.23 NOTE
r-release-linux-x86_64 1.2.2 3.83 59.34 63.17 NOTE
r-release-macos-arm64 1.2.2 24.00 NOTE
r-release-macos-x86_64 1.2.2 35.00 NOTE
r-release-windows-x86_64 1.2.2 39.00 93.00 132.00 NOTE
r-oldrel-macos-arm64 1.2.2 26.00 NOTE
r-oldrel-macos-x86_64 1.2.2 47.00 NOTE
r-oldrel-windows-ix86+x86_64 1.2.2 8.00 59.00 67.00 NOTE

Check Details

Version: 1.2.2
Check: LazyData
Result: NOTE
     'LazyData' is specified without a 'data' directory
Flavors: r-devel-linux-x86_64-debian-clang, r-devel-linux-x86_64-debian-gcc, r-devel-linux-x86_64-fedora-clang, r-devel-linux-x86_64-fedora-gcc, r-devel-windows-x86_64, r-patched-linux-x86_64, r-release-linux-x86_64, r-release-macos-arm64, r-release-macos-x86_64, r-release-windows-x86_64, r-oldrel-macos-arm64, r-oldrel-macos-x86_64, r-oldrel-windows-ix86+x86_64