CRAN Package Check Results for Package directotree

Last updated on 2022-07-04 06:51:21 CEST.

Flavor Version Tinstall Tcheck Ttotal Status Flags
r-devel-linux-x86_64-debian-clang 1.0.0 1.88 29.62 31.50 NOTE
r-devel-linux-x86_64-debian-gcc 1.0.0 2.27 22.71 24.98 NOTE
r-devel-linux-x86_64-fedora-clang 1.0.0 49.78 NOTE
r-devel-linux-x86_64-fedora-gcc 1.0.0 48.39 NOTE
r-devel-windows-x86_64 1.0.0 11.00 53.00 64.00 NOTE
r-patched-linux-x86_64 1.0.0 3.08 28.71 31.79 NOTE
r-release-linux-x86_64 1.0.0 2.45 28.41 30.86 NOTE
r-release-macos-arm64 1.0.0 17.00 NOTE
r-release-macos-x86_64 1.0.0 24.00 NOTE
r-release-windows-x86_64 1.0.0 8.00 53.00 61.00 NOTE
r-oldrel-macos-arm64 1.0.0 20.00 NOTE
r-oldrel-macos-x86_64 1.0.0 28.00 NOTE
r-oldrel-windows-ix86+x86_64 1.0.0 8.00 46.00 54.00 NOTE

Check Details

Version: 1.0.0
Check: LazyData
Result: NOTE
     'LazyData' is specified without a 'data' directory
Flavors: r-devel-linux-x86_64-debian-clang, r-devel-linux-x86_64-debian-gcc, r-devel-linux-x86_64-fedora-clang, r-devel-linux-x86_64-fedora-gcc, r-devel-windows-x86_64, r-patched-linux-x86_64, r-release-linux-x86_64, r-release-macos-arm64, r-release-macos-x86_64, r-release-windows-x86_64, r-oldrel-macos-arm64, r-oldrel-macos-x86_64, r-oldrel-windows-ix86+x86_64