CRAN Package Check Results for Package dextergui

Last updated on 2022-01-22 06:48:50 CET.

Flavor Version Tinstall Tcheck Ttotal Status Flags
r-devel-linux-x86_64-debian-clang 0.2.3 16.44 105.52 121.96 OK
r-devel-linux-x86_64-debian-gcc 0.2.3 13.14 79.36 92.50 OK
r-devel-linux-x86_64-fedora-clang 0.2.3 146.05 NOTE
r-devel-linux-x86_64-fedora-gcc 0.2.3 131.77 OK
r-devel-windows-x86_64-new-UL 0.2.3 63.00 121.00 184.00 OK
r-devel-windows-x86_64-new-TK 0.2.3 OK
r-patched-linux-x86_64 0.2.3 12.75 101.03 113.78 OK
r-release-linux-x86_64 0.2.3 10.78 99.04 109.82 OK
r-release-macos-arm64 0.2.3 OK
r-release-macos-x86_64 0.2.3 OK
r-release-windows-ix86+x86_64 0.2.3 33.00 119.00 152.00 OK
r-oldrel-macos-x86_64 0.2.3 OK
r-oldrel-windows-ix86+x86_64 0.2.3 34.00 117.00 151.00 OK

Check Details

Version: 0.2.3
Check: package dependencies
Result: NOTE
    Imports includes 22 non-default packages.
    Importing from so many packages makes the package vulnerable to any of
    them becoming unavailable. Move as many as possible to Suggests and
    use conditionally.
Flavor: r-devel-linux-x86_64-fedora-clang