CRAN Package Check Results for Package dexterMST

Last updated on 2022-01-20 06:49:17 CET.

Flavor Version Tinstall Tcheck Ttotal Status Flags
r-devel-linux-x86_64-debian-clang 0.9.2 OK
r-devel-linux-x86_64-debian-gcc 0.9.2 46.75 121.00 167.75 OK
r-devel-linux-x86_64-fedora-clang 0.9.2 282.13 OK
r-devel-linux-x86_64-fedora-gcc 0.9.2 259.89 OK
r-devel-windows-x86_64-new-UL 0.9.2 219.00 201.00 420.00 OK
r-devel-windows-x86_64-new-TK 0.9.2 OK
r-patched-linux-x86_64 0.9.2 44.37 154.89 199.26 OK
r-release-linux-x86_64 0.9.2 OK
r-release-macos-arm64 0.9.2 NOTE
r-release-macos-x86_64 0.9.2 OK
r-release-windows-ix86+x86_64 0.9.2 138.00 260.00 398.00 OK
r-oldrel-macos-x86_64 0.9.2 OK
r-oldrel-windows-ix86+x86_64 0.9.2 142.00 258.00 400.00 OK

Check Details

Version: 0.9.2
Check: installed package size
Result: NOTE
     installed size is 5.5Mb
     sub-directories of 1Mb or more:
     libs 4.9Mb
Flavor: r-release-macos-arm64