Last updated on 2022-05-16 06:52:22 CEST.
Flavor | Version | Tinstall | Tcheck | Ttotal | Status | Flags |
---|---|---|---|---|---|---|
r-devel-linux-x86_64-debian-clang | 0.1.0 | 6.39 | 61.58 | 67.97 | OK | |
r-devel-linux-x86_64-debian-gcc | 0.1.0 | 4.49 | 46.31 | 50.80 | OK | |
r-devel-linux-x86_64-fedora-clang | 0.1.0 | 79.12 | NOTE | |||
r-devel-linux-x86_64-fedora-gcc | 0.1.0 | 75.17 | NOTE | |||
r-devel-windows-x86_64 | 0.1.0 | 26.00 | 79.00 | 105.00 | OK | |
r-patched-linux-x86_64 | 0.1.0 | 4.56 | 57.63 | 62.19 | OK | |
r-release-linux-x86_64 | 0.1.0 | 5.42 | 57.92 | 63.34 | OK | |
r-release-macos-arm64 | 0.1.0 | 25.00 | NOTE | |||
r-release-macos-x86_64 | 0.1.0 | 53.00 | NOTE | |||
r-release-windows-x86_64 | 0.1.0 | 17.00 | 86.00 | 103.00 | OK | |
r-oldrel-macos-arm64 | 0.1.0 | 38.00 | NOTE | |||
r-oldrel-macos-x86_64 | 0.1.0 | 33.00 | NOTE | |||
r-oldrel-windows-ix86+x86_64 | 0.1.0 | 17.00 | 80.00 | 97.00 | OK |
Version: 0.1.0
Check: dependencies in R code
Result: NOTE
Namespaces in Imports field not imported from:
‘DT’ ‘ggiraph’ ‘ggplot2’ ‘reshape2’ ‘stats’ ‘tidyr’ ‘tidyselect’
All declared Imports should be used.
Flavors: r-devel-linux-x86_64-fedora-clang, r-devel-linux-x86_64-fedora-gcc, r-release-macos-arm64, r-release-macos-x86_64, r-oldrel-macos-arm64, r-oldrel-macos-x86_64