CRAN Package Check Results for Package dendextend

Last updated on 2022-08-15 06:49:05 CEST.

Flavor Version Tinstall Tcheck Ttotal Status Flags
r-devel-linux-x86_64-debian-clang 1.16.0 14.55 262.70 277.25 OK
r-devel-linux-x86_64-debian-gcc 1.16.0 11.42 209.44 220.86 OK
r-devel-linux-x86_64-fedora-clang 1.16.0 395.26 NOTE
r-devel-linux-x86_64-fedora-gcc 1.16.0 401.92 OK
r-devel-windows-x86_64 1.16.0 163.00 366.00 529.00 ERROR
r-patched-linux-x86_64 1.16.0 16.41 265.92 282.33 OK
r-release-linux-x86_64 1.16.0 13.30 260.38 273.68 OK
r-release-macos-arm64 1.16.0 157.00 NOTE
r-release-macos-x86_64 1.16.0 193.00 NOTE
r-release-windows-x86_64 1.16.0 176.00 419.00 595.00 NOTE
r-oldrel-macos-arm64 1.16.0 157.00 NOTE
r-oldrel-macos-x86_64 1.16.0 205.00 NOTE
r-oldrel-windows-ix86+x86_64 1.16.0 29.00 325.00 354.00 NOTE

Check Details

Version: 1.16.0
Check: installed package size
Result: NOTE
     installed size is 5.4Mb
     sub-directories of 1Mb or more:
     doc 4.2Mb
Flavors: r-devel-linux-x86_64-fedora-clang, r-devel-windows-x86_64, r-release-macos-arm64, r-release-macos-x86_64, r-release-windows-x86_64, r-oldrel-macos-arm64, r-oldrel-macos-x86_64, r-oldrel-windows-ix86+x86_64

Version: 1.16.0
Check: PDF version of manual
Result: ERROR
    Rd conversion errors:
    Converting parsed Rd's to LaTeX ....Error in iconv(bytes, to = "UTF-8", sub = "byte") :
     embedded nul in string: 'https://en.wikipedia.org/wiki/Robinsonb\0\023Foulds_metric'
Flavor: r-devel-windows-x86_64