Last updated on 2022-05-17 07:53:03 CEST.
Flavor | Version | Tinstall | Tcheck | Ttotal | Status | Flags |
---|---|---|---|---|---|---|
r-devel-linux-x86_64-debian-clang | 0.1.1 | 7.97 | 80.69 | 88.66 | OK | |
r-devel-linux-x86_64-debian-gcc | 0.1.1 | 5.82 | 59.33 | 65.15 | OK | |
r-devel-linux-x86_64-fedora-clang | 0.1.1 | 104.11 | NOTE | |||
r-devel-linux-x86_64-fedora-gcc | 0.1.1 | 100.45 | NOTE | |||
r-devel-windows-x86_64 | 0.1.1 | 23.00 | 100.00 | 123.00 | OK | |
r-patched-linux-x86_64 | 0.1.1 | 8.45 | 75.90 | 84.35 | OK | |
r-release-linux-x86_64 | 0.1.1 | 6.64 | 74.41 | 81.05 | OK | |
r-release-macos-arm64 | 0.1.1 | 31.00 | NOTE | |||
r-release-macos-x86_64 | 0.1.1 | 53.00 | NOTE | |||
r-release-windows-x86_64 | 0.1.1 | 19.00 | 98.00 | 117.00 | OK | |
r-oldrel-macos-arm64 | 0.1.1 | 40.00 | NOTE | |||
r-oldrel-macos-x86_64 | 0.1.1 | 57.00 | NOTE | |||
r-oldrel-windows-ix86+x86_64 | 0.1.1 | 19.00 | 90.00 | 109.00 | OK |
Version: 0.1.1
Check: dependencies in R code
Result: NOTE
Namespace in Imports field not imported from: ‘dplyr’
All declared Imports should be used.
Flavors: r-devel-linux-x86_64-fedora-clang, r-devel-linux-x86_64-fedora-gcc, r-release-macos-arm64, r-release-macos-x86_64, r-oldrel-macos-arm64, r-oldrel-macos-x86_64