CRAN Package Check Results for Package ddiv

Last updated on 2022-01-23 07:13:56 CET.

Flavor Version Tinstall Tcheck Ttotal Status Flags
r-devel-linux-x86_64-debian-clang 0.1.1 2.40 55.72 58.12 OK
r-devel-linux-x86_64-debian-gcc 0.1.1 2.16 45.98 48.14 OK
r-devel-linux-x86_64-fedora-clang 0.1.1 73.46 NOTE
r-devel-linux-x86_64-fedora-gcc 0.1.1 60.99 NOTE
r-devel-windows-x86_64-new-UL 0.1.1 31.00 92.00 123.00 OK
r-devel-windows-x86_64-new-TK 0.1.1 NOTE
r-patched-linux-x86_64 0.1.1 2.35 56.57 58.92 OK
r-release-linux-x86_64 0.1.1 2.93 56.16 59.09 OK
r-release-macos-arm64 0.1.1 NOTE
r-release-macos-x86_64 0.1.1 NOTE
r-release-windows-ix86+x86_64 0.1.1 6.00 71.00 77.00 OK
r-oldrel-macos-x86_64 0.1.1 NOTE
r-oldrel-windows-ix86+x86_64 0.1.1 6.00 72.00 78.00 OK

Check Details

Version: 0.1.1
Check: dependencies in R code
Result: NOTE
    Namespaces in Imports field not imported from:
     ‘MASS’ ‘qpdf’
     All declared Imports should be used.
Flavors: r-devel-linux-x86_64-fedora-clang, r-devel-linux-x86_64-fedora-gcc, r-devel-windows-x86_64-new-TK, r-release-macos-arm64, r-release-macos-x86_64, r-oldrel-macos-x86_64