Last updated on 2022-07-04 06:51:21 CEST.
Flavor | Version | Tinstall | Tcheck | Ttotal | Status | Flags |
---|---|---|---|---|---|---|
r-devel-linux-x86_64-debian-clang | 0.2.8 | 2.91 | 31.24 | 34.15 | NOTE | |
r-devel-linux-x86_64-debian-gcc | 0.2.8 | 2.22 | 24.43 | 26.65 | NOTE | |
r-devel-linux-x86_64-fedora-clang | 0.2.8 | 51.71 | NOTE | |||
r-devel-linux-x86_64-fedora-gcc | 0.2.8 | 48.68 | NOTE | |||
r-devel-windows-x86_64 | 0.2.8 | 20.00 | 58.00 | 78.00 | NOTE | |
r-patched-linux-x86_64 | 0.2.8 | 2.59 | 29.90 | 32.49 | NOTE | |
r-release-linux-x86_64 | 0.2.8 | 2.44 | 29.96 | 32.40 | NOTE | |
r-release-macos-arm64 | 0.2.8 | 20.00 | NOTE | |||
r-release-macos-x86_64 | 0.2.8 | 29.00 | NOTE | |||
r-release-windows-x86_64 | 0.2.8 | 19.00 | 56.00 | 75.00 | NOTE | |
r-oldrel-macos-arm64 | 0.2.8 | 23.00 | NOTE | |||
r-oldrel-macos-x86_64 | 0.2.8 | 33.00 | NOTE | |||
r-oldrel-windows-ix86+x86_64 | 0.2.8 | 6.00 | 45.00 | 51.00 | NOTE |
Version: 0.2.8
Check: LazyData
Result: NOTE
'LazyData' is specified without a 'data' directory
Flavors: r-devel-linux-x86_64-debian-clang, r-devel-linux-x86_64-debian-gcc, r-devel-linux-x86_64-fedora-clang, r-devel-linux-x86_64-fedora-gcc, r-devel-windows-x86_64, r-patched-linux-x86_64, r-release-linux-x86_64, r-release-macos-arm64, r-release-macos-x86_64, r-release-windows-x86_64, r-oldrel-macos-arm64, r-oldrel-macos-x86_64, r-oldrel-windows-ix86+x86_64