CRAN Package Check Results for Package dann

Last updated on 2022-01-18 06:52:43 CET.

Flavor Version Tinstall Tcheck Ttotal Status Flags
r-devel-linux-x86_64-debian-clang 0.2.2 38.13 169.52 207.65 NOTE
r-devel-linux-x86_64-debian-gcc 0.2.2 27.36 122.29 149.65 NOTE
r-devel-linux-x86_64-fedora-clang 0.2.2 260.20 NOTE
r-devel-linux-x86_64-fedora-gcc 0.2.2 242.69 NOTE
r-devel-windows-x86_64-new-UL 0.2.2 48.00 173.00 221.00 NOTE
r-devel-windows-x86_64-new-TK 0.2.2 NOTE
r-patched-linux-x86_64 0.2.2 29.03 170.40 199.43 NOTE
r-release-linux-x86_64 0.2.2 NOTE
r-release-macos-arm64 0.2.2 NOTE
r-release-macos-x86_64 0.2.2 NOTE
r-release-windows-ix86+x86_64 0.2.2 91.00 315.00 406.00 NOTE
r-oldrel-macos-x86_64 0.2.2 OK
r-oldrel-windows-ix86+x86_64 0.2.2 92.00 313.00 405.00 OK

Check Details

Version: 0.2.2
Check: LazyData
Result: NOTE
     'LazyData' is specified without a 'data' directory
Flavors: r-devel-linux-x86_64-debian-clang, r-devel-linux-x86_64-debian-gcc, r-devel-linux-x86_64-fedora-clang, r-devel-linux-x86_64-fedora-gcc, r-devel-windows-x86_64-new-UL, r-devel-windows-x86_64-new-TK, r-patched-linux-x86_64, r-release-linux-x86_64, r-release-macos-arm64, r-release-macos-x86_64, r-release-windows-ix86+x86_64