Last updated on 2022-07-04 06:51:22 CEST.
Flavor | Version | Tinstall | Tcheck | Ttotal | Status | Flags |
---|---|---|---|---|---|---|
r-devel-linux-x86_64-debian-clang | 2.0 | 19.77 | 133.93 | 153.70 | OK | |
r-devel-linux-x86_64-debian-gcc | 2.0 | 15.79 | 100.55 | 116.34 | OK | |
r-devel-linux-x86_64-fedora-clang | 2.0 | 187.48 | WARN | |||
r-devel-linux-x86_64-fedora-gcc | 2.0 | 186.21 | WARN | |||
r-devel-windows-x86_64 | 2.0 | 22.00 | 154.00 | 176.00 | OK | |
r-patched-linux-x86_64 | 2.0 | 18.09 | 126.03 | 144.12 | OK | |
r-release-linux-x86_64 | 2.0 | 16.69 | 128.17 | 144.86 | OK | |
r-release-macos-arm64 | 2.0 | 49.00 | NOTE | |||
r-release-macos-x86_64 | 2.0 | 87.00 | NOTE | |||
r-release-windows-x86_64 | 2.0 | 26.00 | 146.00 | 172.00 | OK | |
r-oldrel-macos-arm64 | 2.0 | 48.00 | NOTE | |||
r-oldrel-macos-x86_64 | 2.0 | 66.00 | NOTE | |||
r-oldrel-windows-ix86+x86_64 | 2.0 | 41.00 | 148.00 | 189.00 | OK |
Version: 2.0
Check: package dependencies
Result: WARN
Requires (indirectly) orphaned package: ‘gtools’
Flavors: r-devel-linux-x86_64-fedora-clang, r-devel-linux-x86_64-fedora-gcc
Version: 2.0
Check: data for non-ASCII characters
Result: NOTE
Note: found 281 marked UTF-8 strings
Flavors: r-devel-linux-x86_64-fedora-clang, r-devel-linux-x86_64-fedora-gcc, r-release-macos-arm64, r-release-macos-x86_64, r-oldrel-macos-arm64, r-oldrel-macos-x86_64