CRAN Package Check Results for Package cylcop

Last updated on 2022-05-17 07:53:02 CEST.

Flavor Version Tinstall Tcheck Ttotal Status Flags
r-devel-linux-x86_64-debian-clang 0.1.0 23.05 224.34 247.39 OK
r-devel-linux-x86_64-debian-gcc 0.1.0 18.82 163.02 181.84 OK
r-devel-linux-x86_64-fedora-clang 0.1.0 287.76 NOTE
r-devel-linux-x86_64-fedora-gcc 0.1.0 280.39 NOTE
r-devel-windows-x86_64 0.1.0 40.00 226.00 266.00 OK
r-patched-linux-x86_64 0.1.0 20.85 205.62 226.47 OK
r-release-linux-x86_64 0.1.0 13.81 210.55 224.36 OK
r-release-macos-arm64 0.1.0 76.00 NOTE
r-release-macos-x86_64 0.1.0 122.00 NOTE
r-release-windows-x86_64 0.1.0 52.00 232.00 284.00 OK
r-oldrel-macos-arm64 0.1.0 82.00 NOTE
r-oldrel-macos-x86_64 0.1.0 100.00 NOTE
r-oldrel-windows-ix86+x86_64 0.1.0 53.00 231.00 284.00 OK

Check Details

Version: 0.1.0
Check: dependencies in R code
Result: NOTE
    Namespace in Imports field not imported from: ‘mvtnorm’
     All declared Imports should be used.
Flavors: r-devel-linux-x86_64-fedora-clang, r-devel-linux-x86_64-fedora-gcc, r-release-macos-arm64, r-release-macos-x86_64, r-oldrel-macos-arm64, r-oldrel-macos-x86_64