Last updated on 2022-07-04 06:51:21 CEST.
Flavor | Version | Tinstall | Tcheck | Ttotal | Status | Flags |
---|---|---|---|---|---|---|
r-devel-linux-x86_64-debian-clang | 0.3.2 | 4.24 | 123.57 | 127.81 | NOTE | |
r-devel-linux-x86_64-debian-gcc | 0.3.2 | 3.71 | 93.36 | 97.07 | NOTE | |
r-devel-linux-x86_64-fedora-clang | 0.3.2 | 158.88 | NOTE | |||
r-devel-linux-x86_64-fedora-gcc | 0.3.2 | 158.79 | NOTE | |||
r-devel-windows-x86_64 | 0.3.2 | 26.00 | 135.00 | 161.00 | NOTE | |
r-patched-linux-x86_64 | 0.3.2 | 6.01 | 116.40 | 122.41 | NOTE | |
r-release-linux-x86_64 | 0.3.2 | 5.31 | 115.70 | 121.01 | NOTE | |
r-release-macos-arm64 | 0.3.2 | 53.00 | NOTE | |||
r-release-macos-x86_64 | 0.3.2 | 58.00 | NOTE | |||
r-release-windows-x86_64 | 0.3.2 | 51.00 | 140.00 | 191.00 | NOTE | |
r-oldrel-macos-arm64 | 0.3.2 | 55.00 | NOTE | |||
r-oldrel-macos-x86_64 | 0.3.2 | 87.00 | NOTE | |||
r-oldrel-windows-ix86+x86_64 | 0.3.2 | 9.00 | 145.00 | 154.00 | NOTE |
Version: 0.3.2
Check: DESCRIPTION meta-information
Result: NOTE
Packages listed in more than one of Depends, Imports, Suggests, Enhances:
'lattice' 'robustbase'
A package should be listed in only one of these fields.
Flavors: r-devel-linux-x86_64-debian-clang, r-devel-linux-x86_64-debian-gcc, r-devel-linux-x86_64-fedora-clang, r-devel-linux-x86_64-fedora-gcc, r-devel-windows-x86_64, r-patched-linux-x86_64, r-release-linux-x86_64, r-release-macos-arm64, r-release-macos-x86_64, r-release-windows-x86_64, r-oldrel-macos-arm64, r-oldrel-macos-x86_64, r-oldrel-windows-ix86+x86_64