CRAN Package Check Results for Package curl

Last updated on 2022-01-17 06:53:12 CET.

Flavor Version Tinstall Tcheck Ttotal Status Flags
r-devel-linux-x86_64-debian-clang 4.3.2 6.60 46.63 53.23 NOTE
r-devel-linux-x86_64-debian-gcc 4.3.2 5.09 37.32 42.41 NOTE
r-devel-linux-x86_64-fedora-clang 4.3.2 64.94 NOTE
r-devel-linux-x86_64-fedora-gcc 4.3.2 56.07 NOTE
r-devel-windows-x86_64-new-UL 4.3.2 89.00 8.00 97.00 ERROR
r-devel-windows-x86_64-new-TK 4.3.2 NOTE
r-patched-linux-x86_64 4.3.2 5.94 45.82 51.76 NOTE
r-release-linux-x86_64 4.3.2 NOTE
r-release-macos-arm64 4.3.2 NOTE
r-release-macos-x86_64 4.3.2 NOTE
r-release-windows-ix86+x86_64 4.3.2 87.00 250.00 337.00 NOTE
r-oldrel-macos-x86_64 4.3.2 NOTE
r-oldrel-windows-ix86+x86_64 4.3.2 89.00 254.00 343.00 NOTE

Check Details

Version: 4.3.2
Check: compiled code
Result: NOTE
    File 'curl/libs/curl.so':
     Found non-API call to R: 'R_new_custom_connection'
    
    Compiled code should not call non-API entry points in R.
    
    See 'Writing portable packages' in the 'Writing R Extensions' manual.
Flavors: r-devel-linux-x86_64-debian-clang, r-devel-linux-x86_64-debian-gcc, r-devel-linux-x86_64-fedora-clang, r-devel-linux-x86_64-fedora-gcc, r-patched-linux-x86_64, r-release-linux-x86_64, r-release-macos-arm64, r-release-macos-x86_64, r-oldrel-macos-x86_64

Version: 4.3.2
Check: whether package can be installed
Result: ERROR
    Installation failed.
Flavor: r-devel-windows-x86_64-new-UL

Version: 4.3.2
Check: compiled code
Result: NOTE
    File 'curl/libs/x64/curl.dll':
     Found non-API call to R: 'R_new_custom_connection'
    
    Compiled code should not call non-API entry points in R.
    
    See 'Writing portable packages' in the 'Writing R Extensions' manual.
Flavor: r-devel-windows-x86_64-new-TK

Version: 4.3.2
Check: installed package size
Result: NOTE
     installed size is 9.5Mb
     sub-directories of 1Mb or more:
     doc 2.1Mb
     libs 7.2Mb
Flavors: r-release-windows-ix86+x86_64, r-oldrel-windows-ix86+x86_64

Version: 4.3.2
Check: compiled code
Result: NOTE
    File 'curl/libs/i386/curl.dll':
     Found non-API call to R: 'R_new_custom_connection'
    File 'curl/libs/x64/curl.dll':
     Found non-API call to R: 'R_new_custom_connection'
    
    Compiled code should not call non-API entry points in R.
    
    See 'Writing portable packages' in the 'Writing R Extensions' manual.
Flavors: r-release-windows-ix86+x86_64, r-oldrel-windows-ix86+x86_64