CRAN Package Check Results for Package cultevo

Last updated on 2022-01-23 07:13:56 CET.

Flavor Version Tinstall Tcheck Ttotal Status Flags
r-devel-linux-x86_64-debian-clang 1.0.2 2.94 332.30 335.24 OK
r-devel-linux-x86_64-debian-gcc 1.0.2 2.92 248.09 251.01 OK
r-devel-linux-x86_64-fedora-clang 1.0.2 378.08 OK
r-devel-linux-x86_64-fedora-gcc 1.0.2 360.66 OK
r-devel-windows-x86_64-new-UL 1.0.2 24.00 357.00 381.00 OK
r-devel-windows-x86_64-new-TK 1.0.2 NOTE
r-patched-linux-x86_64 1.0.2 3.55 306.18 309.73 OK
r-release-linux-x86_64 1.0.2 2.80 305.55 308.35 OK
r-release-macos-arm64 1.0.2 NOTE
r-release-macos-x86_64 1.0.2 NOTE
r-release-windows-ix86+x86_64 1.0.2 8.00 354.00 362.00 OK
r-oldrel-macos-x86_64 1.0.2 NOTE
r-oldrel-windows-ix86+x86_64 1.0.2 11.00 361.00 372.00 OK

Check Details

Version: 1.0.2
Check: dependencies in R code
Result: NOTE
    Namespace in Imports field not imported from: 'pspearman'
     All declared Imports should be used.
Flavors: r-devel-windows-x86_64-new-TK, r-release-macos-arm64, r-release-macos-x86_64, r-oldrel-macos-x86_64