CRAN Package Check Results for Package cubeview

Last updated on 2022-08-15 06:49:05 CEST.

Flavor Version Tinstall Tcheck Ttotal Status Flags
r-devel-linux-x86_64-debian-clang 0.2.0 25.02 249.39 274.41 NOTE
r-devel-linux-x86_64-debian-gcc 0.2.0 25.68 185.25 210.93 NOTE
r-devel-linux-x86_64-fedora-clang 0.2.0 327.83 NOTE
r-devel-linux-x86_64-fedora-gcc 0.2.0 338.52 NOTE
r-devel-windows-x86_64 0.2.0 34.00 241.00 275.00 NOTE
r-patched-linux-x86_64 0.2.0 29.22 241.94 271.16 NOTE
r-release-linux-x86_64 0.2.0 25.65 246.73 272.38 NOTE
r-release-macos-arm64 0.2.0 64.00 NOTE
r-release-macos-x86_64 0.2.0 118.00 NOTE
r-release-windows-x86_64 0.2.0 34.00 244.00 278.00 NOTE
r-oldrel-macos-arm64 0.2.0 38.00 NOTE
r-oldrel-macos-x86_64 0.2.0 57.00 NOTE
r-oldrel-windows-ix86+x86_64 0.2.0 61.00 238.00 299.00 NOTE

Check Details

Version: 0.2.0
Check: LazyData
Result: NOTE
     'LazyData' is specified without a 'data' directory
Flavors: r-devel-linux-x86_64-debian-clang, r-devel-linux-x86_64-debian-gcc, r-devel-linux-x86_64-fedora-clang, r-devel-linux-x86_64-fedora-gcc, r-devel-windows-x86_64, r-patched-linux-x86_64, r-release-linux-x86_64, r-release-macos-arm64, r-release-macos-x86_64, r-release-windows-x86_64, r-oldrel-macos-arm64, r-oldrel-macos-x86_64, r-oldrel-windows-ix86+x86_64