Last updated on 2022-06-29 06:53:23 CEST.
Flavor | Version | Tinstall | Tcheck | Ttotal | Status | Flags |
---|---|---|---|---|---|---|
r-devel-linux-x86_64-debian-clang | 1.0.0 | 6.74 | 63.54 | 70.28 | OK | |
r-devel-linux-x86_64-debian-gcc | 1.0.0 | 5.11 | 47.87 | 52.98 | OK | |
r-devel-linux-x86_64-fedora-clang | 1.0.0 | 93.65 | NOTE | |||
r-devel-linux-x86_64-fedora-gcc | 1.0.0 | 92.17 | NOTE | |||
r-devel-windows-x86_64 | 1.0.0 | 28.00 | 87.00 | 115.00 | OK | |
r-patched-linux-x86_64 | 1.0.0 | 4.43 | 59.54 | 63.97 | OK | |
r-release-linux-x86_64 | 1.0.0 | 4.55 | 60.55 | 65.10 | OK | |
r-release-macos-arm64 | 1.0.0 | 27.00 | NOTE | |||
r-release-macos-x86_64 | 1.0.0 | 46.00 | NOTE | |||
r-release-windows-x86_64 | 1.0.0 | 27.00 | 90.00 | 117.00 | OK | |
r-oldrel-macos-arm64 | 1.0.0 | 32.00 | NOTE | |||
r-oldrel-macos-x86_64 | 1.0.0 | 45.00 | NOTE | |||
r-oldrel-windows-ix86+x86_64 | 1.0.0 | 18.00 | 81.00 | 99.00 | OK |
Version: 1.0.0
Check: dependencies in R code
Result: NOTE
Namespace in Imports field not imported from: ‘qte’
All declared Imports should be used.
Flavors: r-devel-linux-x86_64-fedora-clang, r-devel-linux-x86_64-fedora-gcc, r-release-macos-arm64, r-release-macos-x86_64, r-oldrel-macos-arm64, r-oldrel-macos-x86_64