CRAN Package Check Results for Package crossword.r

Last updated on 2022-05-26 06:55:38 CEST.

Flavor Version Tinstall Tcheck Ttotal Status Flags
r-devel-linux-x86_64-debian-clang 0.3.6 3.77 36.66 40.43 NOTE
r-devel-linux-x86_64-debian-gcc 0.3.6 2.41 31.15 33.56 NOTE
r-devel-linux-x86_64-fedora-clang 0.3.6 48.13 NOTE
r-devel-linux-x86_64-fedora-gcc 0.3.6 46.63 NOTE
r-devel-windows-x86_64 0.3.6 25.00 51.00 76.00 NOTE
r-patched-linux-x86_64 0.3.6 6.16 35.52 41.68 NOTE
r-release-linux-x86_64 0.3.6 NOTE
r-release-macos-arm64 0.3.6 15.00 NOTE
r-release-macos-x86_64 0.3.6 27.00 NOTE
r-release-windows-x86_64 0.3.6 22.00 50.00 72.00 NOTE
r-oldrel-macos-arm64 0.3.6 21.00 NOTE
r-oldrel-macos-x86_64 0.3.6 28.00 NOTE
r-oldrel-windows-ix86+x86_64 0.3.6 8.00 41.00 49.00 NOTE

Check Details

Version: 0.3.6
Check: LazyData
Result: NOTE
     'LazyData' is specified without a 'data' directory
Flavors: r-devel-linux-x86_64-debian-clang, r-devel-linux-x86_64-debian-gcc, r-devel-linux-x86_64-fedora-clang, r-devel-linux-x86_64-fedora-gcc, r-devel-windows-x86_64, r-patched-linux-x86_64, r-release-linux-x86_64, r-release-macos-arm64, r-release-macos-x86_64, r-release-windows-x86_64, r-oldrel-macos-arm64, r-oldrel-macos-x86_64, r-oldrel-windows-ix86+x86_64

Version: 0.3.6
Check: dependencies in R code
Result: NOTE
    Namespaces in Imports field not imported from:
     ‘R6’ ‘dplyr’ ‘r6extended’
     All declared Imports should be used.
Flavors: r-devel-linux-x86_64-fedora-clang, r-devel-linux-x86_64-fedora-gcc, r-release-macos-arm64, r-release-macos-x86_64, r-oldrel-macos-arm64, r-oldrel-macos-x86_64