Last updated on 2022-05-21 07:55:21 CEST.
Flavor | Version | Tinstall | Tcheck | Ttotal | Status | Flags |
---|---|---|---|---|---|---|
r-devel-linux-x86_64-debian-clang | 1.0.1 | 30.48 | 277.84 | 308.32 | NOTE | |
r-devel-linux-x86_64-debian-gcc | 1.0.1 | 27.18 | 206.32 | 233.50 | NOTE | |
r-devel-linux-x86_64-fedora-clang | 1.0.1 | 356.12 | NOTE | |||
r-devel-linux-x86_64-fedora-gcc | 1.0.1 | 350.34 | NOTE | |||
r-devel-windows-x86_64 | 1.0.1 | 38.00 | 261.00 | 299.00 | NOTE | |
r-patched-linux-x86_64 | 1.0.1 | 25.87 | 260.08 | 285.95 | NOTE | |
r-release-linux-x86_64 | 1.0.1 | 25.65 | 257.16 | 282.81 | NOTE | |
r-release-macos-arm64 | 1.0.1 | 72.00 | NOTE | |||
r-release-macos-x86_64 | 1.0.1 | 178.00 | NOTE | |||
r-release-windows-x86_64 | 1.0.1 | 38.00 | 255.00 | 293.00 | NOTE | |
r-oldrel-macos-arm64 | 1.0.1 | 42.00 | NOTE | |||
r-oldrel-macos-x86_64 | 1.0.1 | 64.00 | NOTE | |||
r-oldrel-windows-ix86+x86_64 | 1.0.1 | 66.00 | 255.00 | 321.00 | NOTE |
Version: 1.0.1
Check: LazyData
Result: NOTE
'LazyData' is specified without a 'data' directory
Flavors: r-devel-linux-x86_64-debian-clang, r-devel-linux-x86_64-debian-gcc, r-devel-linux-x86_64-fedora-clang, r-devel-linux-x86_64-fedora-gcc, r-devel-windows-x86_64, r-patched-linux-x86_64, r-release-linux-x86_64, r-release-macos-arm64, r-release-macos-x86_64, r-release-windows-x86_64, r-oldrel-macos-arm64, r-oldrel-macos-x86_64, r-oldrel-windows-ix86+x86_64