Last updated on 2022-06-29 06:53:23 CEST.
Flavor | Version | Tinstall | Tcheck | Ttotal | Status | Flags |
---|---|---|---|---|---|---|
r-devel-linux-x86_64-debian-clang | 0.1.4 | 8.00 | 116.47 | 124.47 | OK | |
r-devel-linux-x86_64-debian-gcc | 0.1.4 | 6.40 | 86.86 | 93.26 | OK | |
r-devel-linux-x86_64-fedora-clang | 0.1.4 | 154.32 | NOTE | |||
r-devel-linux-x86_64-fedora-gcc | 0.1.4 | 149.99 | OK | |||
r-devel-windows-x86_64 | 0.1.4 | 25.00 | 146.00 | 171.00 | NOTE | |
r-patched-linux-x86_64 | 0.1.4 | 5.97 | 110.75 | 116.72 | OK | |
r-release-linux-x86_64 | 0.1.4 | 5.41 | 109.20 | 114.61 | OK | |
r-release-macos-arm64 | 0.1.4 | 45.00 | NOTE | |||
r-release-macos-x86_64 | 0.1.4 | 76.00 | NOTE | |||
r-release-windows-x86_64 | 0.1.4 | 29.00 | 147.00 | 176.00 | NOTE | |
r-oldrel-macos-arm64 | 0.1.4 | 149.00 | NOTE | |||
r-oldrel-macos-x86_64 | 0.1.4 | 72.00 | NOTE | |||
r-oldrel-windows-ix86+x86_64 | 0.1.4 | 20.00 | 152.00 | 172.00 | NOTE |
Version: 0.1.4
Check: installed package size
Result: NOTE
installed size is 5.8Mb
sub-directories of 1Mb or more:
doc 5.6Mb
Flavors: r-devel-linux-x86_64-fedora-clang, r-devel-windows-x86_64, r-release-macos-arm64, r-release-macos-x86_64, r-release-windows-x86_64, r-oldrel-macos-arm64, r-oldrel-macos-x86_64, r-oldrel-windows-ix86+x86_64