Last updated on 2022-08-13 07:55:18 CEST.
Flavor | Version | Tinstall | Tcheck | Ttotal | Status | Flags |
---|---|---|---|---|---|---|
r-devel-linux-x86_64-debian-clang | 0.2.0 | 7.26 | 87.45 | 94.71 | OK | |
r-devel-linux-x86_64-debian-gcc | 0.2.0 | 5.62 | 64.48 | 70.10 | OK | |
r-devel-linux-x86_64-fedora-clang | 0.2.0 | 122.73 | NOTE | |||
r-devel-linux-x86_64-fedora-gcc | 0.2.0 | 116.32 | NOTE | |||
r-devel-windows-x86_64 | 0.2.0 | 36.00 | 117.00 | 153.00 | OK | |
r-patched-linux-x86_64 | 0.2.0 | 6.56 | 80.94 | 87.50 | OK | |
r-release-linux-x86_64 | 0.2.0 | 7.48 | 82.08 | 89.56 | OK | |
r-release-macos-arm64 | 0.2.0 | 41.00 | NOTE | |||
r-release-macos-x86_64 | 0.2.0 | 54.00 | NOTE | |||
r-release-windows-x86_64 | 0.2.0 | 24.00 | 119.00 | 143.00 | OK | |
r-oldrel-macos-arm64 | 0.2.0 | 33.00 | NOTE | |||
r-oldrel-macos-x86_64 | 0.2.0 | 57.00 | NOTE | |||
r-oldrel-windows-ix86+x86_64 | 0.2.0 | 17.00 | 113.00 | 130.00 | OK |
Version: 0.2.0
Check: data for non-ASCII characters
Result: NOTE
Note: found 34 marked UTF-8 strings
Flavors: r-devel-linux-x86_64-fedora-clang, r-devel-linux-x86_64-fedora-gcc, r-release-macos-arm64, r-release-macos-x86_64, r-oldrel-macos-arm64, r-oldrel-macos-x86_64